
11426
In base 8, what is -10 - 5732?
-5742
In base 15, what is 9 + -7997?
-798d
In base 11, what is -42 - -12421?
1238a
In base 7, what is -255 + -16101?
-16356
In base 11, what is -63 - 13105?
-13168
In base 5, what is -12010 + 1101?
-10404
In base 11, what is 539 + 2a7?
835
In base 14, what is -496628 - 0?
-496628
In base 9, what is 2125 - 66?
2048
In base 10, what is -114333 - 0?
-114333
In base 9, what is 1 + -31261?
-31260
In base 12, what is 1 + 78b0?
78b1
In base 15, what is -6a + bb4?
b49
In base 11, what is -814 + 28?
-797
In base 13, what is 2 - 3c59?
-3c57
In base 16, what is -2 - 1b275?
-1b277
In base 6, what is -102210 + 3?
-102203
In base 2, what is 1001001110001000 + 0?
1001001110001000
In base 12, what is a1b - -160?
b7b
In base 3, what is -2010122011022 + -2?
-2010122011101
In base 2, what is 1011110 - 101010000?
-11110010
In base 14, what is -7 - -4615c?
46155
In base 11, what is -136 + 193?
58
In base 5, what is 11 - 112133433?
-112133422
In base 10, what is -19115 + -15?
-19130
In base 7, what is -4245 + -6?
-4254
In base 13, what is 158b - 43?
1548
In base 12, what is -6b0b6 + b?
-6b0a7
In base 11, what is -103 + 8832?
872a
In base 14, what is -25d + -16?
-275
In base 5, what is -20 + -3431120?
-3431140
In base 11, what is 20 - 8680?
-8660
In base 11, what is -134 + -1?
-135
In base 13, what is 12 + 3c45?
3c57
In base 11, what is -5886 - -6?
-5880
In base 16, what is 1 - -b26e?
b26f
In base 4, what is 3 - 1113000?
-1112331
In base 6, what is 53342 - 2?
53340
In base 8, what is 234 + 111?
345
In base 3, what is -10022121 + -12?
-10022210
In base 12, what is -30 - 51a5?
-5215
In base 4, what is 3021323 - 10?
3021313
In base 12, what is 2 + 237918?
23791a
In base 7, what is 300 - 26355?
-26055
In base 4, what is 100 - 233020?
-232320
In base 13, what is -911b3 - 5?
-911b8
In base 11, what is 1a + -188a?
-1870
In base 4, what is -13 + 300223213?
300223200
In base 5, what is -4 - -1001112124?
1001112120
In base 8, what is -172704 - 12?
-172716
In base 3, what is -11112 + 1120101202?
1120020020
In base 13, what is -8 + cc831?
cc826
In base 11, what is -2a2 - -26?
-277
In base 3, what is -10011020 + 120?
-10010200
In base 6, what is -4 + 10330345?
10330341
In base 8, what is 451 + -4320?
-3647
In base 4, what is 102012 - 10113?
31233
In base 8, what is 5 - -1115742?
1115747
In base 9, what is -14225 - -144?
-14071
In base 12, what is -32388 - 20?
-323a8
In base 12, what is -12a2 + -5?
-12a7
In base 16, what is 1f - 78?
-59
In base 6, what is 40321 - 10?
40311
In base 11, what is -3141 - 0?
-3141
In base 6, what is 10522102 - -2?
10522104
In base 16, what is -26c4 - -4?
-26c0
In base 14, what is -b2 + b0?
-2
In base 8, what is 4 - -1017665?
1017671
In base 14, what is -6 - -5602b?
56025
In base 14, what is -8 + -b65?
-b6d
In base 10, what is -536 - -7?
-529
In base 3, what is -11010 + 20112?
2102
In base 13, what is 4cb9 + 3?
4cbc
In base 3, what is 1001120102 - -112?
1001120221
In base 4, what is 10 - -11020230?
11020300
In base 7, what is 263 + -3506?
-3213
In base 11, what is -45009 - -4?
-45005
In base 13, what is -1 - 276a5?
-276a6
In base 3, what is -1020220112 - -10?
-1020220102
In base 5, what is -1244143 - -4?
-1244134
In base 4, what is 22100 - 13122?
2312
In base 11, what is 4124 - -5?
4129
In base 16, what is -d8c - -eb?
-ca1
In base 9, what is -224 + -2413?
-2637
In base 13, what is -2 + 5c1a6?
5c1a4
In base 8, what is 3 + -3011713?
-3011710
In base 7, what is -260140 + 2?
-260135
In base 9, what is -35 + 14?
-21
In base 5, what is 200 + 421331?
422031
In base 6, what is 202 - 1003024?
-1002422
In base 11, what is -108a + 786?
-404
In base 16, what is -d96c7 + -2?
-d96c9
In base 5, what is -112311 + -1?
-112312
In base 5, what is 22241 + 13333?
41124
In base 11, what is 8 - -a46a8?
a4705
In base 12, what is -2 - 530?
-532
In base 9, what is 5 - -113327?
113333
In base 11, what is 22a2 + -37?
2266
In base 5, what is 2 - 121003?
-121001
In base 4, what is 11013023 + 2220?
11021303
In base 4, what is 1021113310 + -1?
1021113303
In base 3, what is 111 + -1221000?
-1220112
In base 8, what is -6300 + -34?
-6334
In base 16, what is fa + -3?
f7
In base 10, what is -96936 + 3?
-96933
In base 7, what is -4543 + 14?
-4526
In base 11, what is 1 + -1079a?
-10799
In base 4, what is 13220 + 10211?
30031
In base 8, what is 4034 - 3?
4031
In base 3, what is 220222202201 - 1?
220222202200
In base 15, what is 3cd - 787?
-3a9
In base 7, what is 3432 + -1144?
2255
In base 11, what is -3 - -10a55?
10a52
In base 10, what is 1 - 491135?
-491134
In base 15, what is 2a - -14a3?
14cd
In base 5, what is 4402404 - 1?
4402403
In base 6, what is -1243305 + -3?
-1243312
In base 12, what is -46 - -162?
118
In base 16, what is -683 + -105?
-788
In base 3, what is -12100200 + -2221?
-12110121
In base 2, what is -110011 + -10111010100100?
-10111011010111
In base 6, what is 10 + -250304?
-250254
In base 12, what is 13 - a675?
-a662
In base 9, what is -4 - -108756?
108752
In base 10, what is 0 - 3477?
-3477
In base 16, what is 290 - 16e?
122
In base 3, what is 20 + -2212002112?
-2212002022
In base 5, what is 3131001 + 4?
3131010
In base 4, what is -13032 + -220331?
-300023
In base 5, what is -21 - -23202?
23131
In base 7, what is -21516 + 156?
-21330
In base 15, what is -6 - -ddd39?
ddd33
In base 14, what is 1a36d0 - -1?
1a36d1
In base 9, what is 260333 + -5?
260327
In base 5, what is -3 + -12412040?
-12412043
In base 7, what is -11161 - -533?
-10325
In base 9, what is -483284 + 0?
-483284
In base 14, what is -2 + -5383?
-5385
In base 9, what is -208106 - 4?
-208111
In base 5, what is 1033221 + 2?
1033223
In base 9, what is -32460 - 4?
-32464
In base 3, what is -12 + 2000011002?
2000010220
In base 13, what is 40870a + -2?
408708
In base 13, what is 1 - -81243?
81244
In base 4, what is 113 + 32311?
33030
In base 9, what is 1721 + -225?
1485
In base 15, what is 10 + -4195?
-4185
In base 10, what is 12 - 685?
-673
In base 6, what is -4113512 + 1?
-4113511
In base 14, what is -1 - -7d7?
7d6
In base 8, what is 2375 + -2256?
117
In base 4, what is -1200103 + 1?
-1200102
In base 6, what is 4 - 233355?
-233351
In base 8, what is 6 - -2540?
2546
In base 15, what is -4 + -33cb6?
-33cba
In base 2, what is 10000010 - -1111010010?
10001010100
In base 12, what is -50777 - 4?
-5077b
In base 5, what is 1110 - 211?
344
In base 7, what is 10501 - 114?
10354
In base 16, what is a16c - -7?
a173
In base 4, what is -21310 + -333?
-22303
In base 9, what is -333 - 83?
-426
In base 9, what is 10 - -16113?
16123
In base 15, what is 3a05 - 1?
3a04
In base 13, what is -31 - -47?
16
In base 16, what is -5 + -45f7c?
-45f81
In base 11, what is -5 - 62063?
-62068
In base 6, what is 3 + 541033?
541040
In base 10, what is 281 + 1976?
2257
In base 3, what is -2122 + -11012?
-20211
In base 7, what is 26516 - 65?
26421
In base 4, what is -3332 + 1031?
-2301
In base 16, what is -141a13 + -2?
-141a15
In base 11, what is -4 + 6279?
6275
In base 7, what is 334 + -525?
-161
In base 8, what is 1752 + -3311?
-1337
In base 16, what is -253 + -d5?
-328
In base 7, what is -40606 + -1126?
-42035
In base 5, what is -111 - -1432?
1321
In base 9, what is -44268 - -32?
-44236
In base 3, what is -11111100 + 1102?
-11102221
In base 10, what is -192 + -11?
-203
In base 5, what is 404 - 214?
140
In base 9, what is -55 + -2875?
-3041
In base 11, what is -15a - -10a53?
108a4
In base 13, what is -70 - 35?
-a5
In base 2, what is -1000000100 - -10010111?
-101101101
In base 8, what is 4 + 3113725?
3113731
In base 5, what is 23322 - -1043?
24420
In base 14, what is -44c + 10a?
-342
In base 16, what is 9 - -2f1f?
2f28
In base 5, what is -22111 - -10201?
-11410
In base 12, what is -4 + 188737?
188733
In base 10, what is -95 + 5258?
5163
In base 11, what is -5 - -4362?
4358
In base 2, what is -11 + 10111001010111100001?
10111001010111011110
In base 11, what is -13122 - 10?
-13132
In base 2, what is -10000 - 10001000?
-10011000
In base 2, what is -100 - 10100011100110?
-10100011101010
In base 11, what is 63334 + -3?
63331
In base 2, what is 110110011101111100 - 100?
110110011101111000
In base 6, what is -3 - -11003244?
11003241
In base 14, what is 97 + d1?
188
In base 2, what is 11100 + -1100010?
-1000110
In base 2